**2 - 2*i. Let n(v) be the third derivative of -v**4/24 + 7*v**3/3 + 6*v**2. Let t be n(9). What is c(t)?
-6
Let c(l) = -25*l**3 + 2*l + 1. Let m be c(-1). Suppose 6*z - 14*z + 40 = 0. Let n(x) = -z*x - 15*x + m*x. Determine n(3).
12
Let l(a) = a**3 + 2*a**2 + 3*a + 3. Let w(m) be the second derivative of -m**3/6 - 11*m. Let r(j) = -j. Let n be r(-2). Let z be w(n). What is l(z)?
-3
Let z(i) be the third derivative of -25*i**2 + 0 + 1/15*i**5 + 1/3*i**3 - 1/120*i**6 - 1/12*i**4 + 0*i. Determine z(3).
5
Let k(m) = -36*m + 12*m + 15*m + 17*m. What is k(1)?
8
Let c = -310559/120 - -2588. Let a(y) be the third derivative of 0*y + 5*y**2 - c*y**6 + 1/12*y**5 - y**3 + 7/24*y**4 + 0. Determine a(6).
0
Let p(j) = -6*j**2 - 54*j - 48. Let a be p(-8). Let q(d) = 2*d**2 + d. Give q(a).
0
Let y(u) = u**3 - 10*u**2 + u - 8. Let n be y(10). Let h(g) = -34*g + 29*g - n + 2*g**2 + 1. Let l = 9 + -5. Give h(l).
11
Let d(j) = 12*j**2 - j**3 - 7*j + 13 - 5*j**2 - 4. Suppose -12 = -2*b + 2*s, 3*s - 4*s = 2*b - 12. What is d(b)?
3
Let y(b) = 2*b - 1. Suppose -9 = 5*o - 5*r + 6, 0 = o - 5*r + 11. Give y(o).
-3
Let o be -4 + (5 - 4) + -1 + 19. Let y = o - 10. Let d(g) = g**3 - 5*g**2 + 2*g + 1. What is d(y)?
11
Suppose 5 = -y + 13. Let j be -4 - 7/((-14)/y). Let p(o) = -4*o**2 + 6*o**2 - 2 - o**2. Give p(j).
-2
Let n(v) = v**2 + 8*v - 9. Let x(j) = j**2 + 7*j - 8. Let y(d) = -4*n(d) + 5*x(d). Let i be 4/(-6) + (-434)/186. Determine y(i).
-4
Let s(o) be the first derivative of -o**2 - 5*o - 1. Let v(l) = -l**3 - 34*l**2 + 4*l + 130. Let z be v(-34). What is s(z)?
7
Let f = -434 - -434. Let i(y) = y**2 - y - 2. What is i(f)?
-2
Let j(w) = -23*w - 11. Let m(v) = -5*v - 3. Let y(q) = 2*j(q) - 9*m(q). Calculate y(5).
0
Let a(t) = t**3 + 12*t**2 + t + 16. Suppose 0*l + 75 = -5*l + 3*f, 0 = 3*f - 15. Let n be a(l). Let x(h) = h**3 - 5*h**2 + 2*h + 4. What is x(n)?
-4
Suppose 3*j - 2*b - b = 42, -4*j + 26 = 2*b. Let z(p) = p**3 - 9*p**2 - 4*p + 10. Determine z(j).
-26
Let i(p) = -7*p**3 + 13*p**2 - 5. Let k(m) = 6*m**3 - 12*m**2 + 5. Let f(t) = -5*i(t) - 6*k(t). Suppose -98 = -6*z - 8*z. Calculate f(z).
-5
Let n(r) = -2*r**2 - 31*r - 86. Let h be n(-11). Let d(c) = -c**2 + 16*c - 28. Determine d(h).
11
Let g(b) = -b**2 - 5*b - 3. Suppose 0 = -5*y + t + 40, -3*y = -4*t - 19 - 5. Suppose 0 = -y*p + 11*p + 9. What is g(p)?
3
Suppose -4*r = 3*l - 39, -3*r + 3*l = -38 - 7. Let t(s) = s**2 - 11*s - 18. What is t(r)?
-6
Let n(c) be the third derivative of c**6/120 - 11*c**5/60 + 11*c**4/24 - 7*c**3/6 - 10*c**2 - 31*c. Calculate n(10).
3
Let o = -15 - -27. Let n = o + -10. Let x = -3 - n. Let q(r) = 2*r + 3. What is q(x)?
-7
Let u(z) = -z**2 - 3*z + 6. Let r(d) = d**2 - d - 1. Let q(c) = -2*r(c) - u(c). Give q(5).
-4
Let j(u) = -u + 2. Let c be (8/5)/((-8)/(-20)). Suppose m - 10 = -c*m. Determine j(m).
0
Let f(v) = v - 5. Let g be f(7). Suppose 8 = g*c - 4. Let i(l) = -l**3 + 6*l**2 + 3*l - 9. Determine i(c).
9
Suppose 0 = 15*d - 12*d - 3. Let l(t) = -t - 1. Let c(x) = x - 11. Let k(j) = d*c(j) - 2*l(j). What is k(7)?
12
Let n(k) = k**3 - 2*k**2 + 2 + 3*k**2 + 6 - 4. Let l(m) = -m**2 + 3*m + 2. Let q be l(3). Suppose 0*s - q*s = 0. Calculate n(s).
4
Let a = 1522 - 1518. Let h(y) = y + 8. Give h(a).
12
Let g(k) = -227*k - 2*k**2 + 3*k**2 + 19 + 237*k. What is g(-4)?
-5
Let n be 2/6 - 4/3. Let u(b) = 6*b**2 - 2180*b - 1 + 2178*b + 4*b**2. Calculate u(n).
11
Suppose 9 + 6 = -3*h. Let w(y) = -13*y + 9. Let n(f) = 29*f - 20. Let u(t) = -4*n(t) - 9*w(t). Give u(h).
-6
Let w(x) be the first derivative of -1 + 1/2*x**2 + 5*x. Suppose -280 + 272 = 2*a. What is w(a)?
1
Let m(u) be the second derivative of u**4/12 - u**3/2 - 2*u**2 + 183*u. Let r(f) = f**3 - 6*f**2 + 5*f + 4. Let y be r(5). What is m(y)?
0
Suppose -13*s - 196 = -79. Let i(m) = 7*m + 2*m**2 - m**2 - 36 + 23. Give i(s).
5
Let f(z) = -3*z**3 - 15*z + 3*z**3 - 2*z**2 - 6*z**3 - 14*z**2 + 5*z**3 + 15. Determine f(-15).
15
Suppose 30 = -z - 4*i, -12 = z + 2*i - 4*i. Let h = z + 21. Suppose 2*m - 6 = 2*a, 5*m = 2*a - h*a + 45. Let r(b) = b**3 - 8*b**2 + b - 6. Give r(m).
2
Let s(o) = o**2 - 26*o - 62. Let j be s(28). Let h(r) = 8*r + 9. Let b(q) = -23*q - 26. Let c(x) = 6*b(x) + 17*h(x). Determine c(j).
9
Let b(p) = 9*p - p - 8*p**2 + 0*p**2 - 36 + 2*p - p**3 + 32. Calculate b(-9).
-13
Let w(k) = -169 - 7*k**3 - 2*k + 2*k**2 + 81 + 89. Calculate w(1).
-6
Let n = 45 + -41. Let k(i) be the third derivative of i**5/30 - 5*i**4/24 - i**3/3 - 14*i**2 + 2. Calculate k(n).
10
Let h(q) = 5*q**2 + 30*q - 29. Let c be h(1). Let w(n) = -n**3 + 6*n**2 - 1. Calculate w(c).
-1
Let r(f) be the first derivative of -f**4/4 + 11*f**3/3 - 4*f**2 - 15*f + 456. Calculate r(10).
5
Let p(a) = a - 14 - 2 - 3 + 0. Let x be p(17). Let s(r) be the first derivative of -2*r**3/3 + r + 2. Determine s(x).
-7
Let f(z) = 45*z + 41*z - 90*z - 3 + 1. What is f(-2)?
6
Let h(k) = -k**2 - 3*k + 3. Let g = -430 + 433. What is h(g)?
-15
Let z(s) be the first derivative of s**4/4 - 7*s**3/3 + s**2/2 + 6*s + 3. Let d(o) = o**3 - 6*o**2 + o + 5. Let w(l) = -4*d(l) + 3*z(l). Calculate w(2).
0
Let w(b) = -2*b**2 + b + 2. Let l(m) = -m**3 - 4*m**2 - 4*m - 5. Let x = -47 + 44. Let j be l(x). Determine w(j).
-8
Let f(o) = -2*o**3 + 3*o**2 - o. Let d(i) = i**2 + i. Let j(x) = x**3 - 6*x**2 - 3*x. Let v(u) = -12*d(u) - 3*j(u). Let g(b) = 5*f(b) - 3*v(b). Give g(-3).
-12
Let g be 30/35*-8 - 3/21. Let f(t) = 2*t - 3*t + 0*t. Calculate f(g).
7
Let f = 12 - 11. Let r(b) = -b**3 - 2*b + 1. Let j(y) = y**2 + 3*y + 0 + 0*y - 2. Let t(s) = 2*j(s) + 3*r(s). Determine t(f).
-2
Suppose 5*w - 90 = -4*j + 11, 2*w = 2. Let l be 4/j - 22/(-12). Let v(p) be the third derivative of p**4/8 + p**2. What is v(l)?
6
Suppose -4*i - 16 = -2*d, 29*d - 2*i - 8 = 26*d. Let z(b) = -5*b - 1. Give z(d).
-1
Let q = -30 - -32. Let z(f) = -f**3 + 8*f**q - 4*f**2 + 3 + f + f - 3*f. Determine z(4).
-1
Suppose -2*k = -5*q + 13, -k + 4*k = 3*q - 15. Let g(t) = t. Determine g(k).
-4
Let h(l) = -4*l**2 - 6*l + 23. Let t(j) = -j**2 - 2*j + 7. Let z(f) = 2*h(f) - 7*t(f). Determine z(2).
-3
Let p(s) = -3*s**3 + s**2 + 3*s + 2. Let q(h) = -2*h**3 + h**2 + 2*h. Let l(c) = p(c) - 2*q(c). Suppose 0 = -4*g - 8 - 0. What is l(g)?
-8
Let v(h) = -20*h**2 + 87*h - 9. Let b(s) = -7*s**2 + 30*s - 3. Let c(z) = 17*b(z) - 6*v(z). Give c(11).
-8
Suppose 4*v + 8 = 0, 3 + 17 = 4*r - 2*v. Suppose -3 = k, 0 = -f - r*f - 5*k - 50. Let c(h) = -h - 1. Calculate c(f).
6
Let s(r) be the second derivative of -r**3/2 + 39*r**2/2 - 4*r + 7. What is s(13)?
0
Suppose -18 = -38*i + 32*i. Let l(p) = 3 + 0*p + i*p - 1. Determine l(4).
14
Let y = 13 + -14. Let u(n) = 16*n**3 + 13*n**2 - 9*n - 13. Let k(c) = -4*c**3 - 3*c**2 + 2*c + 3. Let x(f) = -9*k(f) - 2*u(f). Calculate x(y).
-4
Let h(z) = 1908*z - 1911*z + 8 - 3. Calculate h(8).
-19
Let a = -3 - -8. Suppose 0 = 5*k - 0 + a. Let h(m) = m**3 - 3*m**2 - 3*m + 3. Let r(p) = p**3 - 4*p**2 - 4*p + 4. Let i(s) = -4*h(s) + 3*r(s). Calculate i(k).
1
Let a be 18/(-15)*(4 + 1). Let s(q) = -q. Let l(g) = 7*g + 2. Let d = -51 - -50. Let m(n) = d*l(n) - 6*s(n). Give m(a).
4
Let v(j) be the first derivative of -5*j**2/2 - 14*j - 185. Determine v(-5).
11
Let z = -147 + 142. Let l(t) = t**3 - 7*t**2 - t + 6. Let k be l(7). Let j(a) = 4*a - 7. Let v(w) = w**2 + w. Let q(f) = k*v(f) - j(f). What is q(z)?
7
Let h = -1/725 - -727/1450. Let c(s) be the second derivative of 0 + 0*s**4 - 1/3*s**3 + 1/20*s**5 - 11*s - h*s**2. What is c(-1)?
0
Let y(f) = 2*f - 4. Let l be (26 + -11)*2/10. What is y(l)?
2
Let j(p) = p**2 + 8*p - 2. Let h(s) = 2*s**3 + 14*s**2 + 10*s - 2. Let g be h(-6). Let w(r) = 4*r - 16 - 3*r + 0*r. Let a be w(g). Give j(a).
-14
Let w(q) = 5*q**3 + q**2 + 5*q + 8. Let p(t) = -4*t**3 - 4*t - 7. Let f(g) = 6*p(g) + 5*w(g). Determine f(-5).
-7
Suppose s = 3*r + r + 22, -3*s + 1 = r. Let j(o) = -37*o**2 + o**3 + 5 - 3 + 5*o + 31*o**s. Determine j(5).
2
Let n(f) = -2*f**2 + 37*f - 10. Suppose -9*t - 2*d + 98 = -4*t, 5*d = 4*t - 52. Determine n(t).
8
Let y(s) = 2*s**2 + 16*s - 1. Let p(f) = -f**2 - 13*f + 2. Let t(j) = 3*p(j) + 2*y(j). Determine t(5).
-6
Let c(r) = r**2 - 8*r + 1. Let y = 1400 - 1393. What is c(y)?
-6
Let l(n) be the second derivative of -n**3/3 - 5*n**2/2 + 154*n. What is l(-6)?
7
Let s(q)